et n(h) = w*d(h) + u(h). What is n(-3)?
3
Let o(n) = 2*n**3 - n**2 - n. Let t(a) = 3*a**3 + 8*a**2 + 24*a - 25. Let d(g) = -2*o(g) + t(g). Calculate d(12).
-1
Suppose 2*g = 2*s - s - 1, -2*g - 5*s - 31 = 0. Let m(u) = -u**3 + u**2 + u. Let h(o) = 2*o**3 - 2*o**2 - 4*o + 1. Let b(j) = g*m(j) - h(j). Give b(0).
-1
Let a = -144 - -144. Let x(d) = d - 8. What is x(a)?
-8
Let d = 13 - 12. Let q(o) = -d + 0*o**2 - 9*o**2 - 2*o + 8*o**2. Calculate q(-1).
0
Let r(v) = -v**3 - v - 8. Let l(d) = -d - 1. Suppose -6 = 5*p - a, 4*p - 8*a = -3*a - 9. Let w be l(p). Calculate r(w).
-8
Let a = 8 - 6. Suppose a*g - 4 = w, -w = 5*g - 2*w - 10. Suppose 3*p - 3*j = g*j - 31, 0 = 4*p + 5*j - 17. Let n(t) = t. Determine n(p).
-2
Let w be (-5)/(-3 - (-13)/(39/12)). Let d(s) = -3*s - 22. Determine d(w).
-7
Let t = -41 - -39. Let a(r) = -r**2 + 7*r + 2. Let y(l) = l**2 - l - 1. Let n(z) = t*y(z) - a(z). Give n(-4).
4
Let b be (-3 + -6)*(-3 + 2). Suppose 0 = 4*m + b - 13. Let h(v) = 15*v - 1. Calculate h(m).
14
Let r(s) = 13*s**3 + 23*s**3 - 35*s**3 - 2*s. Determine r(2).
4
Let w(l) = -3*l**2 - 18*l - 30. Let y be w(-4). Let g(i) = -i**3 - 7*i**2 - 6*i + 2. What is g(y)?
2
Let l(p) = -2*p + 5. Let v(r) = -r**2 + 3*r - 6. Let k be v(22). Let d be (-2)/(-11) + k/(-88). Calculate l(d).
-5
Suppose -4*y + 2*w - 38 + 48 = 0, 5*y - 2*w - 15 = 0. Suppose 10 = 3*b + 5*n, 3*n - 1 - 5 = 4*b. Let z(x) = x - 6 + b*x - 2. Determine z(y).
-3
Let i be (4*9/12)/1. Let h(y) = i*y**2 - 2*y**2 - 2 + 6 + 7*y + 2. What is h(-6)?
0
Let k(q) = -2*q**3 + 13*q**2 + 10*q + 5. Let b(z) = 3*z**3 - 26*z**2 - 21*z - 10. Let j(g) = -3*b(g) - 5*k(g). Calculate j(-12).
-7
Let d(p) = p**3 + 10*p**2 + 18*p + 18. Suppose 5*x = 2*m - 44, 4*x - 7*m + 5*m = -36. Determine d(x).
2
Let y = 472 + -474. Let u(f) = -4*f - 3. Determine u(y).
5
Let j(z) = 5*z - 3. Let r = 656 + -659. Determine j(r).
-18
Let o(t) be the first derivative of -t**2 + t - 2. Let m(v) = 2*v**3 + 4*v**2 + 1. Let b be m(-3). Let r be 4/6 - b/(-3). Determine o(r).
11
Let f(a) = 3*a - 13. Let i(g) = g - 4. Let m(v) = 3*f(v) - 8*i(v). Let z = 4 + 2. Determine m(z).
-1
Suppose -3*y + 52 = -y. Let p = y - 17. Suppose p*w + 6 = 3*w. Let z(s) = 6*s**2 + s + 1. What is z(w)?
6
Suppose 5*u - p - 54 = -10, 3*u + 5*p = 4. Let f(x) = -1 + u*x + 0 - 6*x. What is f(4)?
7
Suppose 180 + 27 = -3*o. Let m = o - -67. Let t(x) be the first derivative of -x**4/2 - x**3 - x**2/2 + 2*x - 1. Give t(m).
8
Let x be (-1*4)/(-8)*8 + -2. Let n(s) = 2*s + 1 - 183*s**2 + 181*s**2 + 1. Give n(x).
-2
Suppose -m + 315 - 356 = -4*g, -5*g - m = -40. Let f(r) = -2*r - 9 - r + 22. What is f(g)?
-14
Suppose 89 = 2*s - 6*d + d, 3 = 3*d. Let b = s - 45. Let w(a) = 3*a - 2. Calculate w(b).
4
Let m(q) be the third derivative of q**5/20 + 7*q**4/24 + q**3 - 3*q**2 - 2*q. Determine m(-5).
46
Let v(a) = -a**2 - 7*a - 1. Suppose 0 = -3*u - 15, i - 4*i + 9 = 3*u. Suppose -i = 4*g - 5*o, 4*g - o = -3*o - 36. What is v(g)?
-1
Suppose -7*a + 2*a = 10. Let p = -23 - -25. Let b(w) = 12 - 26 + 17 + p*w**2 + 4*w. What is b(a)?
3
Let s(l) be the second derivative of 1/3*l**4 - 1/20*l**5 - l + 2/3*l**3 + 3/2*l**2 + 0. Determine s(5).
-2
Let b(t) = 7*t**2 - t + 3. Let z(r) = 20*r**2 - 4*r + 9. Suppose 15*y - 14*y - 17 = 0. Let c(f) = y*b(f) - 6*z(f). Calculate c(5).
7
Suppose -93*i + 3 = -94*i. Let b(f) = -f**3 - 2*f**2 + 2*f - 4. Give b(i).
-1
Let j(t) = -t**2 - 3*t + 2. Suppose -o + 1 = 6. Determine j(o).
-8
Let q(a) = -a**2 - 9*a + 5. Let i(t) = t**3 + 11*t**2 + 15*t - 37. Let m be i(-9). What is q(m)?
-5
Let q(z) be the first derivative of -2*z - z**2 + 3*z**2 - 12 + 3*z**2 - 6*z**2. Let d(f) = 6*f**3 - f**2 - 2*f - 1. Let r be d(-1). Calculate q(r).
10
Let f be ((-36)/8)/3 - 3/6. Let m(d) = -3*d - 1. Determine m(f).
5
Let r(l) = l**3 + 4*l**2 - 2*l - 5. Suppose t - 16 + 2 = 0. Let k = 10 - t. What is r(k)?
3
Suppose 16*j - 26*j - 50 = 0. Let c(g) = -g**3 - 4*g**2 + 5*g + 2. Calculate c(j).
2
Let m(h) be the second derivative of h**4/12 + h**3/2 + 2*h**2 + 4*h. Let o(t) = t**3 - 21*t**2 - 22*t - 4. Let s be o(22). Calculate m(s).
8
Let t(h) be the third derivative of -h**5/60 + h**4/8 - 5*h**3/6 - 218*h**2. Let w(g) = -g**3 - 6*g**2 - g - 2. Let j be w(-6). Calculate t(j).
-9
Let u(s) = -52*s - 2*s**2 + 0*s**2 + 17*s + 22*s + 14*s + 1. Determine u(2).
-5
Let s(v) = -9*v**2 + v + 1. Let w(y) = -y - 3. Let l be w(4). Let x(k) = -k**2 - 5*k + 13. Let z be x(l). Determine s(z).
-9
Suppose 5*u + 4*f - 34 = 14, -5*f - 39 = -2*u. Let k(d) = d**2 - 12*d + 8. What is k(u)?
8
Suppose -5 = 2*t - t. Let h(z) be the second derivative of z**7/2520 + z**6/144 + z**5/30 - 2*z**4/3 - 2*z. Let o(m) be the third derivative of h(m). Give o(t).
4
Let x(a) = a**2 - 8*a - 266. Let b be x(-13). Let s(j) be the third derivative of -j**6/120 + 2*j**5/15 - j**4/3 - j**3/6 + 2*j**2. Give s(b).
-8
Let a be -8 + (0 - -2) + -1. Let l(y) be the third derivative of -y**4/24 - y**3 + 178*y**2. Determine l(a).
1
Let a be 1*(-66)/(-2) + 0. Suppose 4*r - 9 = -a. Let v(q) be the third derivative of -q**4/8 - 4*q**3/3 + 16*q**2 - 3*q. What is v(r)?
10
Let b(d) = -d**2 - 377*d - 10 - 372*d + 758*d. Calculate b(7).
4
Let f = -91 + 88. Let b(p) = p**2 + 2*p + 1. Give b(f).
4
Let a(q) = 1. Let h(u) = u**2 + 6*u - 2. Let p be h(-8). Let d = 20 - p. Let x(l) = -l. Let i(w) = d*a(w) - 3*x(w). Calculate i(-4).
-6
Let k(s) be the third derivative of s**6/720 + s**5/120 + 3*s**4/8 - s**2 + 31. Let z(q) be the second derivative of k(q). Give z(3).
4
Let w(n) = -1. Let b(v) = -2*v - 8. Let m(p) = 3*b(p) - 24*w(p). Let s(a) = 2*a + 16. Let y be s(-9). Give m(y).
12
Let k be (10/3)/((-6)/(-9)). Let y(c) = 7*c + 8. Let q(w) be the second derivative of -5*w**3/3 - 6*w**2 - 11*w. Let o(u) = k*q(u) + 7*y(u). Give o(-3).
-1
Let r(f) be the second derivative of -f**4/12 + 3*f**3/2 - 8*f**2 + 2*f. Let z(w) be the first derivative of r(w). What is z(7)?
-5
Let x(h) = 50 - 101 - 3*h**2 + 3*h + 49 + 10*h**2 + h**3. What is x(-6)?
16
Let z(w) = -w**2 + 26*w - 42. Let h be z(24). Let o(p) = 3*p - p**2 + 0 - 7 - 2 + 3*p. Give o(h).
-9
Let n(a) = -a**2 - 4*a + 5. Let i(z) = -8*z + 8*z**2 + 1 - 41*z**2 + 7*z. Let h be i(1). Let k be 143/h + 2/(-3). What is n(k)?
0
Let o(j) = -45*j**2 + 3*j + 4. Let h be o(-1). Let b = 48 + h. Let c(y) = -y**2 - 3*y + 5. Give c(b).
-23
Let r(z) = -9 - 4*z + 11*z - 5*z - 3*z + 0. Give r(-8).
-1
Let z be 2*-2 - (-2 + 4 + -11). Let l(u) = -u**2 + 3*u + 2. Give l(z).
-8
Suppose 3*w - 22 = -4. Let z(g) = -7*g - 6. Let u(d) = -d. Let a(y) = w*u(y) - z(y). Let l = -18 - -13. Calculate a(l).
1
Let f(a) = -5*a + 7. Let n be 1/2 + 1*(-55)/(-10). Give f(n).
-23
Let u(f) = -f**3 + 6*f**2 - 4*f - 1. Let j(p) = 40*p**2 + 16*p + 3 + 6 + 4*p**3 - 5 - 65*p**2. Let a(t) = -2*j(t) - 9*u(t). Calculate a(3).
4
Let v be 1/27*6 + (-50)/(-18). Let z(n) = -450*n + 450*n + 6*n**2 - 8 + n**v. Suppose -5*q + 4*q = 6. Calculate z(q).
-8
Let r = 15 - 9. Let k(t) = 26 + 21*t - 4*t - r. Let c(j) = 4*j + 5. Let s(i) = -9*c(i) + 2*k(i). Calculate s(-4).
3
Let i(j) = -j**2 + 10*j - 29. Let r be 3*(-45)/54*-2. Calculate i(r).
-4
Let f(j) = j - 3*j**2 - 1 + j + 8*j**2 - 4*j + j**3. Let d be f(3). Let a(v) = v**2 + 3*v - d + 63 - 3*v**2. Calculate a(3).
-11
Let v = -4 - -6. Suppose f - v*g = -2*f + 13, 2*f - 5*g - 16 = 0. Let h(z) = -52*z**2 - 4 + 5*z + 29*z**2 + 21*z**2. Give h(f).
-7
Let w(d) = d**2 - d - 1. Let a(g) = g**3 + 5*g**2 + g + 2. Suppose 5*z + 9 + 16 = 0. Let b be a(z). Give w(b).
11
Let i(h) = 3*h + 5. Let p be i(-5). Let o be (-46)/p + 8/20. Let t(x) = x**2 - 2*x**2 + 7 + 5*x - 4. Determine t(o).
3
Let h = 3584 + -3588. Let z(a) be the first derivative of 3*a + 1/2*a**2 - 1 + 1/4*a**4 + 4/3*a**3. Determine z(h).
-1
Let u(s) be the first derivative of s**3/3 + 7*s**2/2 + 6*s + 18. Let n be (-102)/(-18) - 2/(-6). Let f be (-15)/(-2)*(-4)/n. Determine u(f).
-4
Let d(o) = -o - 9. Let h(r) = -7 - 7 + 13. Let j(c) = -d(c) + 5*h(c). What is j(-3)?
1
Suppose 0 = 11*y - 9*y - 6. Let x(r) = -r - 1 + 4 - 7 - r**2. What is x(y)?
-16
Let g(r) = -r**3 - 7*r**2 - r + 2. Let a(b) = -b. Let z(k) = -5*a(k) - g(k). Let m = -17 + 4. Let w = 7 + m. What is z(w)?
-2
Let w(z) = -11*z - 1. Suppose 7*j = 21*j - 42. Suppose -j*k - m = -2, -2*m - 3*m = 5. Calculate w(k)